umber?
False
Let t = 1382 - 295. Is t a composite number?
False
Let k(g) = -7*g**2 - g + 3. Let l be k(-3). Let c = l - 82. Let y = c - -224. Is y prime?
False
Suppose 4*b + 8 = 5*h, -5 - 4 = -3*b. Let o be h - -5 - (-1 - -3). Let n(g) = g**3 - 7*g**2 + 9*g + 2. Is n(o) prime?
False
Let q = -21 - -29. Suppose 4*h - q*h - 3*y + 20 = 0, -2*y = 2*h - 12. Suppose 0 = 2*s - h*n - 112, s - n = 3*s - 103. Is s composite?
False
Let z(c) = c**2 - 3*c - 5. Let n be z(6). Suppose n = 5*i + 3. Is (-14)/(((-4)/29)/i) a prime number?
False
Let m = 1994 - 1261. Is m a prime number?
True
Suppose -7 + 3 = -d. Suppose 0 = 4*t - 0 + d. Let p = 36 + t. Is p composite?
True
Let y(i) = 92*i**2 + 24*i + 93. Is y(-4) prime?
False
Let z(v) = -v**2 - 2*v + 5. Let q be z(-5). Let s be (2/q)/(3/(-15)). Suppose -j - s - 1 = 0, 0 = 4*c - 3*j - 770. Is c a composite number?
False
Suppose 3*k - f = -1 + 21, -10 = 2*f. Is (4/k)/(6/3765) prime?
False
Let v be 625 - (-2)/(1/(-1)). Suppose 3*c + 10*p - 43 = 15*p, 2*p - 8 = -3*c. Suppose -o = c*o - v. Is o a prime number?
True
Suppose -57*s + 15 = -52*s. Suppose -5*v - 30 - 19 = -h, s*h = -2*v + 96. Is h composite?
True
Let n = 0 - -3. Suppose 0*t = n*t. Suppose t = -4*p, -3*b + p + 127 = -2*b. Is b a composite number?
False
Let r(b) = 7*b**2 - 3 - 1 + 2*b - 7*b**2 + 29*b**2. Let m be r(12). Suppose -4*d + 0*d + m = 0. Is d a composite number?
False
Is (84699/(-108))/(1/(-4)) prime?
True
Let i = -10717 - -21200. Is i a composite number?
True
Let i be (84/(-8))/(-7)*2. Suppose -2*s + 50 = -i*x, 4*s - 79 = -s - 4*x. Is s a prime number?
True
Suppose n - 19014 = -5*y, 3*y - 3 = 12. Is n a prime number?
False
Suppose -11*l - 42803 - 8809 = 0. Let s = -2533 - l. Is s a prime number?
False
Is (11 - 18) + (2067 - 7) composite?
False
Suppose -2*q - 19*q = -191121. Is q a composite number?
True
Suppose 0*i - 5*i - 4*k + 3317 = 0, 3*k + 1974 = 3*i. Is (i - -9)*(-3)/(-6) a composite number?
True
Let c = 5060 - 1417. Is c a composite number?
False
Let o be 6/(-4)*(-8)/(-6). Let t be 691 + (o - (-3 - -2)). Suppose 0*u + 5*k = -5*u + t, 0 = 5*u - 3*k - 698. Is u prime?
True
Suppose q + 2*c = 5911, 4*q + 5*c = -4353 + 28009. Is q a composite number?
True
Is (-5679)/(-12)*(-4)/(-3) prime?
True
Let v = -53 - -57. Suppose -5*w + 2493 = -4*g, -4*g + 51 = -v*w + 2047. Is w a composite number?
True
Suppose i - 5*u = -3, 0 = 2*u + 1 - 3. Suppose -3*n - i = -14. Is 2 + 0 - n - -187 a composite number?
True
Let f(c) = -3*c**3 - 7*c**2 + 14*c + 3. Is f(-8) a prime number?
False
Let o = 6532 - 4631. Is o composite?
False
Suppose 0 = 5*g + 5*z - 85, -g = -5*z + 2*z - 9. Suppose -3*v = -g, 4*u - 2*u - 3*v = 899. Is u composite?
False
Let b(a) = 5224*a + 247. Is b(4) a composite number?
False
Suppose 0 = -2*n - 4*k + 135538, -70*n - 4*k = -69*n - 67773. Is n composite?
True
Let y = 967 - 560. Is y composite?
True
Is (18116/49)/(2/7) a prime number?
False
Suppose 4*y + 6 = 4*n + 18, 14 = 2*y + 2*n. Suppose -p - 2*u + 1572 = -u, -y*u - 1542 = -p. Is p a prime number?
True
Let w be (6 - 1)*(-304)/(-10). Suppose 4*i + w = v - 55, 2*v - i - 442 = 0. Is v prime?
True
Let g = 116 - 128. Is (-2937)/(-1) + g/(-6) a composite number?
False
Let g = 72 + 669. Let i = 1282 - g. Is i a prime number?
True
Let g(t) = -t**3 + t**2 - 2*t + 5363. Let v be g(0). Suppose 7*b - v = 1350. Is b prime?
False
Let t(u) = -5*u**3 - u**2 + 13*u + 11. Is t(-6) a prime number?
True
Let g be 98/21 + 2/(-3). Suppose 5*y = g*m - 9*m + 1455, -y - 2*m = -286. Suppose -5*j = -y + 31. Is j prime?
True
Is (1/3)/(10/138630) prime?
True
Is (3074/4 + 2)/((-43)/(-86)) a composite number?
True
Let c be (-22)/(-8) + (-51)/68. Is (-17300)/(-15) + -2 - c/6 a composite number?
False
Let v(a) = a**3 - 3*a**2 - 2. Let l be v(3). Let i(s) = -2*s + 1. Let f be i(l). Suppose c = f*b + 129, 0 = -3*c - 0*c - b + 451. Is c prime?
True
Let u(x) = -x**3 - x - 1. Let r(l) = -370*l**3 - 2*l - 4. Let m(v) = -r(v) + 3*u(v). Is m(1) a composite number?
False
Let n(h) = h + 3. Let f be n(0). Suppose -261*q + 264*q = 456. Suppose -f*k + q = -130. Is k a composite number?
True
Suppose 396 = 3*a - 4*m, 0 = -m - m - 6. Let u = 401 + a. Is u a prime number?
False
Let p = -2168 - -4501. Is p prime?
True
Is (-36033 + -40)*(-1 - 0) composite?
False
Let w(x) be the first derivative of 343*x**2 + 5*x + 6. Is w(1) a composite number?
False
Let p(z) = -z + 1. Let i(n) = -376*n - 2. Let k(a) = -i(a) - 4*p(a). Let s be k(2). Is (s - (-3 - 0)) + 0 prime?
True
Suppose -4*v = 5*t + 140, 49 + 63 = -4*t + 4*v. Let z = 9 + t. Is (z/3)/(11/(-957)) a composite number?
True
Let q(i) = -18*i + 37*i + 1 - 23*i + 2*i**2. Is q(-1) prime?
True
Let l(p) = p**2 + 13*p + 11. Let v be l(-14). Suppose 5*x = v, 695 + 404 = 2*u - 3*x. Is u prime?
True
Let u(x) = 182*x**2 - 5*x - 1. Is u(-2) composite?
True
Suppose 0*k = 4*k - 2192. Let t = -177 + k. Is t composite?
True
Is 1 + -9 + 12 + 250 a prime number?
False
Let d be 191 - (-4)/(8/(-6)). Let m = d + -103. Is m a prime number?
False
Let s(m) be the second derivative of m**5/4 - m**4/4 + m**3/3 + 2*m**2 + m. Suppose 16 = 4*p, -2*p - p - 3 = -5*z. Is s(z) a prime number?
False
Let f be (-2607)/3 - (-2 - 1). Let n be (-1)/(-7) + f/(-14). Suppose -7 + n = k. Is k a composite number?
True
Let s(m) be the second derivative of 761*m**3/2 - 5*m**2/2 + 20*m. Is s(4) composite?
False
Let u = 524 - 187. Is u prime?
True
Let v(c) = 3*c**3 - 32*c**2 + 49*c + 17. Is v(24) composite?
True
Let l(h) = 661*h**3 + 4*h**2 - 9*h + 11. Is l(2) prime?
True
Suppose -1373 = 5*s + 9692. Let k = 270 - s. Is k a prime number?
False
Let f(g) = -2*g**3 - 5*g**2 - 6*g + 6. Let r(o) = -5*o**3 - 9*o**2 - 11*o + 13. Let x(u) = 7*f(u) - 3*r(u). Let k be x(9). Is (-1005)/(-4) + k/(-12) prime?
True
Let s(v) = 12 - 15*v + 7*v**2 + 3*v**3 - 3 + 0*v**3 - 2*v**3. Is s(10) composite?
False
Suppose 0 = -4*q + 4*v + 217 + 23, -2*q + 129 = -5*v. Suppose q*o - 11361 = 54*o. Is o a prime number?
False
Suppose -8*u + 20041 = -3551. Is u composite?
True
Suppose 3*x = -3*k - 1956, 2*k = -4*x - 2641 + 27. Suppose -s - 2015 = -3*t + 811, -4*t + s + 3768 = 0. Let i = t + x. Is i a prime number?
False
Suppose 25795 = 3*u - x, 5*u + 2*x + x = 42973. Is u/9 + (-2)/9 composite?
True
Suppose 30*a + 1860 = 34*a. Suppose -23*m + 18*m = -a. Is m prime?
False
Let h = 36340 + -19439. Is h prime?
True
Let v(d) = -3*d**3 + 7*d**2 + 2*d - 9. Is v(-7) a prime number?
False
Suppose 0*v = -v - 3*m + 5, 6 = 2*v + 2*m. Suppose v*c - 4447 = -1161. Suppose -5*i + 4*g = -c, 0*i = -2*i - g + 665. Is i a prime number?
True
Let w(m) = 31*m - 4*m - 3 + 10 - 3. Is w(5) a prime number?
True
Let c be 9/(-2)*(-824 - -2). Is 4/14 - c/(-63) a prime number?
True
Let z(o) = 41*o**2 - 3*o + 6. Let n be z(-4). Suppose 6*v - 196 = n. Is v a prime number?
False
Suppose -13*h + 40 = -9*h. Suppose h*t - t = 53811. Is t a composite number?
True
Suppose -5*u + 4200 = -0*u. Let r = u - 123. Is r a composite number?
True
Let y be 4/12 - (-1034)/3. Suppose -4*p + 2*o + 278 = 0, 5*o - 3*o = 5*p - y. Is p a composite number?
False
Suppose -1056 = -5*g - 6*g. Is 1/8 - (-54228)/g composite?
True
Let k = 1 + -5. Let u be 14/k - (-3)/(-6). Is 277/(u/(-40)*5) composite?
True
Suppose 2*v + 4*b = 4*v - 6, v - 3 = 4*b. Suppose -2*i + 508 = v*a, 3 - 11 = -4*a. Is i a prime number?
True
Let q(a) = 3*a**2 + a + 1. Suppose -2*g = 2*i - 6, -4*i = -g - 9*i + 19. Let c be q(g). Suppose p = c*p - 182. Is p a composite number?
True
Suppose -8*z = -37*z + 13949. Is z composite?
True
Suppose 0 = -2*a - 4*a - 11406. Let u = -1000 - a. Is u composite?
True
Let i be 15/(3/(-4) + (-2295)/(-3052)). Suppose -8*d + 10218 = -i. Is d a composite number?
True
Let t(o) = o**2 - 7*o + 10. Let f be t(2). Suppose -3*m - x + 0*x = -2725, 5*m + 2*x - 4543 = f. Is m a composite number?
False
Is (3 - 9)*((-291054)/36 - -6) a prime number?
True
Let j(r) = -1931*r + 176. Is j(-3) composite?
True
Let f = 10 - 4. Let n(g) = 5*g**2 - 3*g + 3*g**2 + 3 - 4*g + 0. Is n(f) a prime number?
False
Let v(h) = -h**3 - 61*h**2 - 140*h + 511. Is v(-66) a composite number?
False
Let z(n) be the third derivative of 139*n**4/12 + n**3/6 - 13*n**2. Is z(2) composite?
False
Suppose 4*r = r + 18. Let t(m) = -98*m - 4. Let z be t(2). Is (z/(-12))/(4/r) 